onvert 25 (base 7) to base 13.
16
-2 (base 10) to base 4
-2
-4 (base 14) to base 10
-4
What is 10101001 (base 2) in base 13?
100
What is 0 (base 6) in base 14?
0
Convert 210 (base 6) to base 2.
1001110
Convert 31 (base 11) to base 9.
37
What is 12 (base 11) in base 3?
111
-30a (base 11) to base 15
-19d
-111 (base 10) to base 2
-1101111
4 (base 6) to base 7
4
What is 1d (base 14) in base 6?
43
What is -171 (base 8) in base 9?
-144
-e (base 15) to base 5
-24
Convert 0 (base 15) to base 5.
0
What is -7a (base 11) in base 5?
-322
What is 158 (base 11) in base 15?
c4
Convert 178 (base 13) to base 3.
100221
Convert -b (base 16) to base 9.
-12
2 (base 5) to base 7
2
Convert -33 (base 4) to base 6.
-23
What is 4 (base 9) in base 16?
4
What is 120 (base 9) in base 11?
90
-100 (base 2) to base 9
-4
What is 2021 (base 3) in base 6?
141
-30 (base 12) to base 3
-1100
What is 17 (base 11) in base 12?
16
-233 (base 5) to base 15
-48
What is -20011 (base 3) in base 4?
-2212
Convert 2 (base 5) to base 14.
2
What is -3 (base 9) in base 8?
-3
Convert -130 (base 6) to base 15.
-39
Convert 2 (base 16) to base 13.
2
Convert -4 (base 7) to base 6.
-4
What is 140 (base 8) in base 12?
80
What is 21 (base 11) in base 15?
18
-32 (base 4) to base 3
-112
Convert -43 (base 5) to base 2.
-10111
What is -2f (base 16) in base 9?
-52
0 (base 15) to base 14
0
Convert -3b (base 12) to base 6.
-115
What is 1 (base 12) in base 15?
1
-4 (base 16) to base 12
-4
Convert 12 (base 4) to base 6.
10
Convert -4 (base 10) to base 9.
-4
What is -1012 (base 4) in base 11?
-64
-3a (base 14) to base 16
-34
What is -101 (base 2) in base 14?
-5
What is 3 (base 14) in base 8?
3
Convert 6 (base 9) to base 2.
110
Convert 36 (base 7) to base 3.
1000
What is -136 (base 12) in base 9?
-226
-72 (base 10) to base 3
-2200
What is 24 (base 7) in base 3?
200
b8 (base 13) to base 15
a1
Convert 158 (base 9) to base 3.
11222
What is -121 (base 11) in base 2?
-10010000
Convert 5 (base 14) to base 4.
11
What is -510 (base 8) in base 5?
-2303
-3b (base 16) to base 6
-135
What is -3 (base 9) in base 15?
-3
What is -4 (base 8) in base 12?
-4
-24 (base 10) to base 12
-20
What is 11 (base 3) in base 12?
4
-8 (base 12) to base 11
-8
2 (base 16) to base 4
2
-26 (base 12) to base 13
-24
What is -23 (base 6) in base 7?
-21
Convert -11 (base 2) to base 15.
-3
1 (base 6) to base 5
1
-4 (base 5) to base 11
-4
What is -3 (base 14) in base 12?
-3
What is 10 (base 3) in base 13?
3
33 (base 12) to base 13
30
29 (base 12) to base 6
53
Convert -140 (base 9) to base 6.
-313
What is -7 (base 16) in base 8?
-7
What is 1010 (base 3) in base 15?
20
Convert 133 (base 7) to base 14.
53
Convert -63 (base 14) to base 10.
-87
-2 (base 16) to base 2
-10
54 (base 6) to base 16
22
What is 21 (base 14) in base 7?
41
-3 (base 7) to base 3
-10
-10 (base 9) to base 13
-9
Convert -2c (base 14) to base 12.
-34
3 (base 12) to base 6
3
Convert -42 (base 7) to base 11.
-28
Convert 2 (base 11) to base 3.
2
Convert -1 (base 6) to base 8.
-1
1 (base 14) to base 10
1
What is -5f (base 16) in base 7?
-164
What is -1 (base 8) in base 9?
-1
-a (base 14) to base 6
-14
What is -2 (base 14) in base 12?
-2
What is 1c (base 13) in base 14?
1b
-1 (base 6) to base 5
-1
Convert 10011 (base 2) to base 15.
14
-135 (base 9) to base 6
-305
13 (base 15) to base 14
14
Convert -54 (base 9) to base 5.
-144
33 (base 8) to base 15
1c
11 (base 2) to base 5
3
-3 (base 13) to base 11
-3
Convert -92 (base 16) to base 5.
-1041
-21 (base 8) to base 11
-16
What is -11 (base 2) in base 14?
-3
What is 5 (base 14) in base 5?
10
What is 13 (base 16) in base 13?
16
-6 (base 10) to base 2
-110
10 (base 3) to base 10
3
Convert -1 (base 16) to base 4.
-1
12 (base 11) to base 13
10
92 (base 14) to base 8
200
Convert -3 (base 11) to base 8.
-3
-1 (base 8) to base 14
-1
Convert 1 (base 8) to base 6.
1
What is -1 (base 10) in base 11?
-1
What is -21 (base 6) in base 12?
-11
What is 6 (base 13) in base 7?
6
What is 11101 (base 3) in base 6?
314
What is 0 (base 16) in base 14?
0
Convert 2 (base 12) to base 4.
2
What is -233 (base 5) in base 9?
-75
What is 3 (base 4) in base 11?
3
What is 85 (base 11) in base 6?
233
3 (base 15) to base 13
3
What is -122 (base 9) in base 15?
-6b
111 (base 2) to base 15
7
Convert -320 (base 5) to base 9.
-104
Convert 18 (base 11) to base 4.
103
3 (base 16) to base 12
3
-10 (base 5) to base 16
-5
What is -2 (base 13) in base 11?
-2
Convert a8 (base 14) to base 8.
224
-5 (base 8) to base 16
-5
-2201 (base 3) to base 14
-53
Convert 2 (base 5) to base 2.
10
Convert -46 (base 11) to base 3.
-1212
What is 4 (base 12) in base 14?
4
Convert 43 (base 13) to base 11.
50
178 (base 13) to base 10
268
What is 0 (base 4) in base 5?
0
26 (base 7) to base 4
110
0 (base 7) to base 3
0
Convert 406 (base 7) to base 6.
534
What is 1 (base 13) in base 3?
1
What is -7 (base 14) in base 3?
-21
What is -1 (base 10) in base 13?
-1
What is 0 (base 15) in base 11?
0
a (base 13) to base 11
a
What is 8 (base 12) in base 5?
13
-41 (base 6) to base 7
-34
Convert 1010110 (base 2) to base 3.
10012
-30 (base 5) to base 3
-120
What is 16 (base 16) in base 9?
24
What is 2 (base 7) in base 14?
2
What is -3 (base 6) in base 12?
-3
Convert -112 (base 7) to base 9.
-64
52 (base 6) to base 14
24
What is 55 (base 8) in base 16?
2d
What is 17 (base 15) in base 9?
24
What is -4 (base 7) in base 4?
-10
What is 105 (base 8) in base 13?
54
What is 10101 (base 2) in base 6?
33
What is -81 (base 16) in base 10?
-129
97 (base 13) to base 6
324
What is -11 (base 7) in base 8?
-10
What is -333 (base 4) in base 6?
-143
-1 (base 12) to base 8
-1
-14 (base 8) to base 15
-c
Convert 43 (base 12) to base 10.
51
-24 (base 5) to base 12
-12
What is 11 (base 2) in base 3?
10
What is -2 (base 16) in base 7?
-2
What is 1 (base 15) in base 2?
1
Convert -100001010 (base 2) to base 14.
-150
1 (base 15) to base 5
1
What is c9 (base 15) in base 3?
21000
What is 2 (base 10) in base 9?
2
Convert -1020 (base 4) to base 12.
-60
Convert 103 (base 9) to base 8.
124
What is -7a (base 15) in base 5?
-430
Convert 2 (base 15) to base 2.
10
Convert -1 (base 8) to base 13.
-1
Convert d (base 15) to base 12.
11
What is 4 (base 16) in base 5?
4
What is -100 (base 3) in base 15?
-9
7 (base 13) to base 12
7
Convert -b (base 15) to base 2.
-1011
-2 (base 11) to base 5
-2
6 (base 9) to base 13
6
What is 1 (base 3) in base 16?
1
Convert -25 (base 6) to base 9.
-18
What is 1 (base 9) in base 2?
1
Convert -103 (base 7) to base 3.
-1221
1101001 (base 2) to base 14
77
3 (base 8) to base 10
3
Convert 12 (base 16) to base 8.
22
-50 (base 16) to base 7
-143
What is -4c (base 15) in base 5?
-242
Convert -10 (base 2) to base 10.
-2
-117 (base 15) to base 6
-1051
Convert 2 (base 10) to base 13.
2
What is -3 (base 5) in base 4?
-3
Convert 11000 (base 2) to base 14.
1a
-11 (base 13) to base 12
-12
Convert -237 (base 12) to base 6.
-1311
Convert -13 (base 14) to base 10.
-17
103 (base 8) to base 11
61
Convert 6 (base 16) to base 6.
10
Convert 322 (base 6) to base 2.
1111010
What is 9a (base 14) in base 16?
88
What is -1c (base 14) in base 10?
-26
Convert 7 (base 9) to base 10.
7
-2 (base 8) to base 10
-2
Convert -26 (base 12) to base 16.
-1e
Convert -4 (base 14) to base 8.
-4
Convert -1114 (base 5) to base 9.
-186
1 (base 3) to base 12
1
What is 10 (base 16) in base 2?
10000
What is -3 (base 12) in base 13?
-3
Convert -43 (base 15) to base 8.
-77
What is 6 (base 8) in base 10?
6
What is -121 (base 7) in base 6?
-144
-2 (base 14) to base 13
-2
35 (base 9) to base 5
112
Convert 0 (base 4) to base 9.
0
What is 42 (base 16) in base 2?
1000010
What is -3 (base 15) in base 10?
-3
12 (base 7) to base 13
9
Convert 1112 (base 3) to base 5.
131
13 (base 16) to base 4
103
-101 (base 3) to base 2
-1010
What is -4 (base 11) in base 4?
-10
-1111 (base 4) to base 12
-71
Convert -331 (base 4) to base 13.
-49
What is 11 (base 2) in base 13?
3
Convert -6 (base 8) to base 5.
-11
-10 (base 2) to base 4
-2
What is -1 (base 9) in base 6?
-1
11 (base 2) to base 12
3
3 (base 8) to base 2
11
What is -4 (base 5) in base 6?
-4
Convert -541 (base 6) to base 2.
-11001101
4 (base 9) to base 11
4
-65 (base 7) to base 16
-2f
What is 3 (base 7) in base 6?
3
-1 (base 16) to base 14
-1
17 (ba